 1475.
5
What is the greatest common divisor of 144 and 192?
48
Calculate the greatest common factor of 74 and 40.
2
Calculate the greatest common divisor of 1612 and 260.
52
What is the greatest common factor of 972 and 552?
12
What is the greatest common factor of 551 and 29?
29
Calculate the greatest common divisor of 46 and 782.
46
What is the highest common factor of 13 and 481?
13
What is the highest common divisor of 60 and 15?
15
What is the greatest common divisor of 212 and 4399?
53
What is the highest common divisor of 12 and 12?
12
Calculate the greatest common divisor of 38 and 40.
2
Calculate the greatest common divisor of 279 and 63.
9
What is the greatest common factor of 330 and 5313?
33
Calculate the greatest common factor of 716 and 895.
179
Calculate the greatest common divisor of 10 and 190.
10
What is the greatest common divisor of 6 and 21?
3
Calculate the greatest common divisor of 3 and 69.
3
Calculate the highest common divisor of 252 and 112.
28
Calculate the highest common divisor of 12 and 6.
6
What is the greatest common factor of 19 and 247?
19
What is the highest common factor of 505 and 29795?
505
Calculate the greatest common factor of 12720 and 720.
240
What is the highest common factor of 9 and 846?
9
What is the greatest common factor of 51 and 493?
17
Calculate the greatest common factor of 525 and 126.
21
Calculate the highest common factor of 39 and 3.
3
What is the highest common factor of 162 and 297?
27
Calculate the greatest common divisor of 78 and 4381.
13
Calculate the highest common factor of 105 and 75.
15
Calculate the greatest common factor of 30 and 5230.
10
What is the greatest common factor of 966 and 345?
69
Calculate the greatest common factor of 8 and 136.
8
Calculate the highest common divisor of 270 and 40.
10
Calculate the highest common factor of 400 and 880.
80
Calculate the highest common factor of 1755 and 520.
65
Calculate the greatest common factor of 2 and 6.
2
Calculate the highest common factor of 16572 and 12.
12
Calculate the highest common divisor of 34650 and 6.
6
What is the greatest common divisor of 72 and 40?
8
What is the greatest common divisor of 107 and 1712?
107
What is the highest common factor of 135 and 915?
15
Calculate the highest common divisor of 3456 and 513.
27
Calculate the greatest common factor of 34 and 493.
17
What is the highest common divisor of 963 and 749?
107
Calculate the highest common divisor of 90 and 1035.
45
What is the highest common factor of 420 and 2268?
84
Calculate the greatest common factor of 21 and 672.
21
Calculate the greatest common divisor of 88 and 5632.
88
What is the highest common factor of 325 and 52?
13
Calculate the greatest common factor of 19250 and 154.
154
Calculate the highest common divisor of 195 and 234.
39
What is the highest common factor of 143 and 1375?
11
Calculate the greatest common factor of 459 and 5211.
27
Calculate the greatest common divisor of 396 and 324.
36
What is the highest common divisor of 108 and 12?
12
Calculate the greatest common factor of 2682 and 18.
18
Calculate the highest common factor of 49 and 1421.
49
Calculate the highest common divisor of 26 and 130.
26
Calculate the highest common factor of 696 and 24.
24
Calculate the highest common factor of 68 and 3944.
68
What is the greatest common divisor of 3 and 381?
3
Calculate the highest common factor of 350 and 910.
70
Calculate the greatest common divisor of 114 and 152.
38
Calculate the greatest common factor of 1708 and 826.
14
What is the greatest common divisor of 9213 and 249?
249
What is the highest common factor of 36 and 837?
9
What is the highest common factor of 24 and 21288?
24
What is the highest common factor of 63 and 490?
7
Calculate the greatest common factor of 184 and 1242.
46
What is the highest common divisor of 3930 and 30?
30
Calculate the greatest common factor of 27 and 153.
9
Calculate the highest common factor of 1236 and 12.
12
Calculate the greatest common divisor of 40 and 2560.
40
What is the greatest common divisor of 1206 and 10318?
134
Calculate the greatest common divisor of 1034 and 176.
22
Calculate the greatest common factor of 6 and 258.
6
Calculate the greatest common factor of 8 and 5972.
4
What is the highest common factor of 513 and 228?
57
What is the highest common factor of 68 and 12?
4
What is the greatest common factor of 224 and 42?
14
What is the greatest common factor of 48 and 6288?
48
Calculate the highest common factor of 312 and 4524.
156
What is the highest common factor of 65 and 117?
13
Calculate the highest common divisor of 325 and 26.
13
What is the greatest common factor of 1265 and 11638?
253
Calculate the greatest common factor of 129 and 473.
43
What is the highest common divisor of 4 and 291?
1
Calculate the greatest common factor of 1098 and 99.
9
Calculate the greatest common factor of 938 and 42.
14
Calculate the highest common divisor of 55423 and 19.
19
Calculate the greatest common factor of 17 and 51.
17
What is the greatest common divisor of 6 and 2946?
6
What is the highest common factor of 21 and 15?
3
Calculate the highest common divisor of 100 and 250.
50
Calculate the greatest common divisor of 252 and 48510.
126
Calculate the greatest common factor of 64168 and 8.
8
Calculate the greatest common factor of 663 and 51.
51
What is the highest common factor of 198 and 1062?
18
Calculate the greatest common factor of 1695 and 10.
5
Calculate the greatest common factor of 186 and 6.
6
Calculate the highest common factor of 29 and 1247.
29
Calculate the greatest common factor of 65 and 405.
5
What is the greatest common divisor of 184 and 13064?
184
Calculate the greatest common factor of 171 and 323.
19
Calculate the greatest common factor of 117 and 1989.
117
What is the highest common factor of 27 and 873?
9
Calculate the highest common factor of 2349 and 81.
81
Calculate the highest common factor of 26 and 286.
26
Calculate the highest common factor of 155 and 34255.
155
Calculate the greatest common divisor of 1 and 3288.
1
What is the highest common divisor of 96 and 78?
6
What is the greatest common factor of 33 and 99?
33
Calculate the highest common divisor of 7146 and 18.
18
Calculate the highest common divisor of 6 and 150.
6
What is the greatest common divisor of 56 and 42?
14
Calculate the highest common divisor of 1542 and 6.
6
What is the greatest common divisor of 143 and 78?
13
Calculate the greatest common factor of 88 and 33.
11
What is the greatest common factor of 1456 and 196?
28
Calculate the highest common factor of 552 and 69.
69
Calculate the greatest common factor of 148 and 32.
4
Calculate the highest common divisor of 25 and 275.
25
What is the highest common divisor of 742 and 21?
7
Calculate the greatest common divisor of 2 and 6.
2
Calculate the highest common factor of 91 and 133.
7
What is the highest common divisor of 378 and 112?
14
Calculate the highest common divisor of 111 and 486.
3
Calculate the greatest common divisor of 5 and 2535.
5
What is the highest common divisor of 320 and 40?
40
What is the greatest common divisor of 2373 and 231?
21
What is the greatest common divisor of 18 and 66?
6
What is the highest common factor of 5310 and 72?
18
Calculate the highest common divisor of 29060 and 40.
20
What is the highest common divisor of 121 and 1056?
11
Calculate the greatest common divisor of 297 and 324.
27
Calculate the highest common divisor of 56 and 296.
8
What is the highest common divisor of 2240 and 35?
35
Calculate the highest common divisor of 80 and 300.
20
What is the greatest common divisor of 3 and 33?
3
Calculate the highest common factor of 12 and 128.
4
What is the greatest common divisor of 238 and 34867?
119
Calculate the greatest common divisor of 648 and 24.
24
Calculate the highest common factor of 4 and 76.
4
Calculate the greatest common divisor of 4064 and 4318.
254
What is the highest common factor of 62 and 3?
1
What is the greatest common divisor of 64 and 2048?
64
What is the highest common factor of 2104 and 16?
8
Calculate the highest common factor of 125 and 5.
5
What is the greatest common divisor of 536 and 32?
8
Calculate the greatest common divisor of 2640 and 40.
40
Calculate